1. List the prime factors of a.
3
What are the prime factors of -6*485/(-15) - 1?
193
Suppose z = 10 - 5. Suppose -z*u + 8 + 17 = 0. Suppose 19 = u*x - 21. What are the prime factors of x?
2
Suppose -4*w - 83 = -5*l + 87, 4*l - 136 = -3*w. Suppose 0 = -q + 2*q - l. Suppose 3*k = -4*m + q, 4 = -3*k - 2. What are the prime factors of m?
2, 5
Let b(w) = 11*w**2 - 1. Suppose -2*r = -0*r - 2. What are the prime factors of b(r)?
2, 5
Suppose -f - 3*f = -4. What are the prime factors of 48/9 + f/(-3)?
5
Suppose 4*o - 2 = 4*y + 42, 2*o = 5*y + 43. Suppose -132 = 3*w - 45. Let n = y - w. What are the prime factors of n?
2, 11
List the prime factors of ((-6)/16)/(-3) + 7224/64.
113
Suppose 19 = 4*u - 1. Let a = -113 - -112. What are the prime factors of (a + 63/15)*u?
2
Suppose 0*z = z - 43. Let u = 5 + z. List the prime factors of u.
2, 3
List the prime factors of ((-3)/(4 - 7))/((-1)/(-75)).
3, 5
Let a(r) = -8*r**2 + 1. Let m be a(1). Let w(l) = l + 6. Let x be w(m). What are the prime factors of (3 + x)*1 - -10?
2, 3
Let b = 4 + -4. Suppose b = 5*g - 5*o + o - 22, 3*g - 12 = 2*o. List the prime factors of (5/(-4))/(g/(-8)).
5
Let y be 6/9 - 25/(-3). Suppose 6*n - y = 3*n. What are the prime factors of n?
3
Suppose 4*p = p. Let w(y) = -y**2 - y + 6. List the prime factors of w(p).
2, 3
Let k be 5 + (1 - (-1)/(-1)). Let d be (-168)/(-15) - 1*3/15. Suppose 12 = j - 3*a, -k*j + 4*a + 93 - d = 0. List the prime factors of j.
2, 3
Suppose -5*z = -4*d - 14, z = 3*z - 3*d. Suppose -k = 4*f + k - 2, 2*k + z = 0. Suppose f*j + 5*t = 7*j - 40, 3*j + t = 8. What are the prime factors of j?
2
Suppose 4*s = -0*s + 88. What are the prime factors of s?
2, 11
Let o be (1/3)/(1/21). Suppose -4*l + 7 = y, -2 = -2*l + 5*y + o. Let k(x) = 2*x + 1. What are the prime factors of k(l)?
5
Let n = 18 + -5. Suppose -2*b = -s + n, 4*b + 3 + 2 = -5*s. Let c = b + 7. List the prime factors of c.
2
Let y(f) be the first derivative of -f**3/3 - 3*f**2/2 + f + 1. Let x be y(-3). What are the prime factors of 2 - (-2*2 - x)?
7
Let j = 20 + -15. Suppose j*z = 3*z + 62. List the prime factors of z.
31
Let w(a) = -a**2 + 4. Let u be w(0). Suppose 2*l = -5*b + 12 + 21, -27 = -u*b - l. List the prime factors of b.
7
Let b = 12 + -10. Let u = 4 + b. List the prime factors of u.
2, 3
Suppose 3*g + 2*f = -3*f + 20, 5*f = 3*g - 10. Suppose -h + 32 - 4 = 2*x, -95 = -5*h + g*x. List the prime factors of h.
2, 11
Suppose -5*a = -0*n + 5*n - 85, 3*n = 9. Let v = a - 8. Suppose 3*u - v = 3. What are the prime factors of u?
3
Let y(c) = -c**2 + 6*c - 1. Let u be y(5). Suppose 0 = -u*x + t + 57, 3*t + 1 - 70 = -4*x. What are the prime factors of x?
3, 5
Let l be 7/((3 - 2)*-1). Let z = l + 46. Suppose -4*u + 5 = -z. What are the prime factors of u?
11
Let o be 2/(-4) - (-14)/(-4). Let u = 6 + o. Let r = u - 0. What are the prime factors of r?
2
Suppose 39 = c - 27. What are the prime factors of c?
2, 3, 11
Suppose -3*o + 137 = -5*n, -4*o + 137 = -5*n - 4. Let u = -8 - n. List the prime factors of u.
17
List the prime factors of (-5)/(5/1) - -114.
113
Let c = 80 - 46. List the prime factors of c.
2, 17
Let k = -6 + 11. Suppose b + k*d = 2 + 26, -b - 3*d + 24 = 0. List the prime factors of b.
2, 3
Let b(i) = 336*i**2 + 3*i + 1. What are the prime factors of b(-1)?
2, 167
Let k(d) = -d**2 - 15*d - 7. List the prime factors of k(-11).
37
Let i be (4/(-6))/(8/12). Let b = -6 + -6. Let x = i - b. What are the prime factors of x?
11
Suppose 0 = -4*a + 8, -2*a + 158 = 2*p + 2*a. What are the prime factors of p?
3, 5
Let v(s) = -s**3 - 7*s**2 - 6*s - 9. Let i be v(-6). Let l be 44/(-3)*i/(-6). Let w = l - -34. What are the prime factors of w?
2, 3
Suppose 0 = -2*s + 3*i + 2*i + 163, -3*i = 4*s - 339. List the prime factors of s.
2, 3, 7
Let z be (-5)/3*(1 - -2). Let k = 10 + z. Suppose k*g = 3*o - 29, 0 = 4*o - 0*o + 4*g - 60. List the prime factors of o.
13
Let l = 7 + -5. Suppose -l*g = g + 21. Let m = 9 + g. List the prime factors of m.
2
Suppose -2*n = n + 30. Let u be (-8)/n*5/2. Suppose u*b = 7*b - 45. What are the prime factors of b?
3
Suppose g + 4*g = 40. What are the prime factors of (g/(-5))/((-6)/15)?
2
Suppose 0*w + 3*w = 108. Let y = w - 26. What are the prime factors of y?
2, 5
Suppose -5*f - 2*x = -27, 3*f - x = x + 29. List the prime factors of f.
7
Let i(z) = -z + 15. List the prime factors of i(8).
7
Suppose 5 + 105 = 2*f. List the prime factors of f.
5, 11
Suppose g - 5*a = 44, -4*a + 2*a + 79 = g. What are the prime factors of g?
3, 23
Let j = -12 + 15. Suppose u - 41 = -3*s, j*s = -5*u + 28 + 33. What are the prime factors of s?
2, 3
Let w be 91 - (-2 + (-1)/1). Suppose -w = -6*t + 2. List the prime factors of t.
2
Let q be -32*(-5)/((-20)/3). Let c = q - -15. Let j = 0 - c. What are the prime factors of j?
3
List the prime factors of (-1)/(-1) - 19/(-1).
2, 5
List the prime factors of 66*3/6 - 2.
31
What are the prime factors of 57*(2 - 8/6)?
2, 19
Let k = 5 - 2. Suppose 203 = 4*a + k*a. What are the prime factors of a?
29
Suppose -3*m = -4*m + 3. Suppose 0 = l - 2*x - 7, m*x - 17 - 66 = -4*l. What are the prime factors of l?
17
Suppose -q + 3*u + 61 = 14, -2*q + 5*u = -93. Suppose q + 21 = 5*k. What are the prime factors of k?
13
Let c = 1 - -1. Let k(w) be the first derivative of 5*w**2/2 - w - 1. What are the prime factors of k(c)?
3
Suppose 8 = p - 2*g - 9, 58 = 5*p - g. Let n(t) = -t + 19. What are the prime factors of n(p)?
2
Let k(t) = 2*t - 13. Let f(r) = 2*r - 12. Let y(p) = 6*f(p) - 5*k(p). Suppose m - 6*m + 30 = 0. List the prime factors of y(m).
5
Let x be ((-12)/(-7))/(4/14). Let q(c) = -c**3 + 7*c**2 - 5*c - 1. What are the prime factors of q(x)?
5
What are the prime factors of (1 + -117 + -2)*(-14 - -12)?
2, 59
Let k = 37 - 14. Let g = k - -2. What are the prime factors of g?
5
Suppose 0 = -4*h - 3*t + 30, 1 = -h + 4*t - 1. List the prime factors of 4/h*12/4.
2
Let m(f) = -f - 4. Let p be m(-5). Let d(q) = 2*q. Let r be d(p). Suppose 5*n - 58 = -0*z - 4*z, 5*z + r*n - 64 = 0. List the prime factors of z.
2, 3
Suppose -5*l - 2*h + 324 = 0, -3*l + 2*h = -3*h - 213. What are the prime factors of l?
2, 3, 11
Suppose -12 = n + 4*q, -2*q + 3 = 4*n - 5. Let j(p) = -p**2 - 2*p + 15. Let r be j(0). Let c = r - n. What are the prime factors of c?
11
Let m(n) = -n**2 - 10*n - 9. Let x be m(-6). Let s = x + -10. Suppose 2*j - 76 = -s*a, -5*j = -a - 4 + 30. List the prime factors of a.
2
Let c be (-2)/14 + (-6)/7. Suppose 4*v + 2 = 5*v - 3*s, 2*v = -2*s + 12. Let a = c + v. What are the prime factors of a?
2
Let f(o) = -o**3 + 3*o**2 + 3*o - 3. Let z be f(3). Suppose -z = 3*j + 3. List the prime factors of (10/4)/(j/(-12)).
2, 5
Let v = -3 + 5. Suppose -2*z = a - v - 8, 0 = a - 2*z - 26. List the prime factors of (1*8)/(12/a).
2, 3
Suppose -64 = 6*y - 2*y. Let l = y + 32. What are the prime factors of l?
2
Let y = 24 - 13. List the prime factors of y.
11
Suppose -3*q + 6 = -0. Suppose 9 = -q*h + 23. Suppose 0 = t + 2*s - h, -s = 3*t - 0*s - 21. What are the prime factors of t?
7
Let s be 0/((0 - -2)/(-2)). Suppose -1 + 43 = v + y, 4*y - 20 = s. What are the prime factors of v?
37
Let w(m) = 2*m**2 + 2*m + 2. Suppose -p = 4*p + 15. List the prime factors of w(p).
2, 7
Suppose 2*d - 32 = -2*d + 5*z, -2*z = -5*d + 40. Let s = 10 - d. What are the prime factors of s?
2
Let b be (-29)/(-1) - (-6 + 4). Let a = -19 + b. What are the prime factors of a?
2, 3
Suppose 3*j + 2*j - 75 = 0. What are the prime factors of j + 1 + (-3)/3?
3, 5
Let d = -6 - -10. Suppose -h + 37 = 2*i - d*h, -4*h - 40 = -2*i. What are the prime factors of i?
2, 7
Suppose -p + 3*z + 0*z + 22 = 0, -p - 5*z = 18. Let d = -6 + p. Let y = d - -2. List the prime factors of y.
3
Let f = 77 + -53. List the prime factors of f.
2, 3
Let j = -7 + 12. Suppose -3*f + x + 38 = 0, j*f + 2*x - 23 = 2*f. List the prime factors of f.
11
Suppose 3*t - t + 4 = -2*r, r = -3*t - 12. Suppose -5*h - 15 + 57 = -4*v, 0 = -4*h + r*v + 33. What are the prime factors of h?
2, 3
Suppose 0 = -a - 0*a + 5*v + 19, 4*a - v = -19. List the prime factors of a/(-21) - (-456)/21.
2, 11
Let h = -3 - -4. Let d be 10/(-5) - (h + -21). Suppose -g + d = 2*g. List the prime factors of g.
2, 3
Let c(l) = l**3 - 8*l**2 + 10*l - 9. Let h = 9 - 2. List the pri